e hundreds digit of 4249363122?
1
What is the tens digit of 1038042167?
6
What is the hundred thousands digit of 599549813?
5
What is the ten millions digit of 98144432?
9
What is the tens digit of 805965342?
4
What is the tens digit of 165135995?
9
What is the units digit of 94256153?
3
What is the hundreds digit of 457813281?
2
What is the ten millions digit of 620037555?
2
What is the millions digit of 2717849585?
7
What is the ten thousands digit of 2117885?
1
What is the tens digit of 66116341?
4
What is the ten thousands digit of 41477471?
7
What is the billions digit of 2964125344?
2
What is the units digit of 809911168?
8
What is the thousands digit of 2029421461?
1
What is the hundreds digit of 4734667?
6
What is the hundreds digit of 6101155739?
7
What is the hundred thousands digit of 159042447?
0
What is the ten millions digit of 486038273?
8
What is the units digit of 120878954?
4
What is the hundreds digit of 47602412?
4
What is the ten thousands digit of 673686203?
8
What is the units digit of 2344873437?
7
What is the hundred thousands digit of 2507204?
5
What is the hundred thousands digit of 1053328041?
3
What is the hundreds digit of 6172127989?
9
What is the thousands digit of 136724978?
4
What is the units digit of 57412228?
8
What is the ten thousands digit of 1580734?
8
What is the hundred millions digit of 534599500?
5
What is the hundred thousands digit of 239283314?
2
What is the ten thousands digit of 4829041525?
4
What is the ten thousands digit of 20202303?
0
What is the hundred thousands digit of 73250569?
2
What is the hundred millions digit of 2938470016?
9
What is the tens digit of 81346209?
0
What is the hundred millions digit of 140216001?
1
What is the units digit of 44017705?
5
What is the hundred thousands digit of 67410032?
4
What is the hundreds digit of 20839241?
2
What is the millions digit of 558938610?
8
What is the ten thousands digit of 1324737254?
3
What is the tens digit of 2309473758?
5
What is the thousands digit of 44241548?
1
What is the hundreds digit of 14500515?
5
What is the millions digit of 95433113?
5
What is the thousands digit of 165491039?
1
What is the thousands digit of 174670653?
0
What is the thousands digit of 273841433?
1
What is the ten millions digit of 62522341?
6
What is the units digit of 54559275?
5
What is the hundred millions digit of 1646808092?
6
What is the hundreds digit of 356780193?
1
What is the hundred millions digit of 887782689?
8
What is the billions digit of 1361998363?
1
What is the billions digit of 6110539715?
6
What is the ten thousands digit of 874093526?
9
What is the millions digit of 90991947?
0
What is the ten thousands digit of 15494600?
9
What is the tens digit of 18982035?
3
What is the hundreds digit of 181384054?
0
What is the millions digit of 567479994?
7
What is the thousands digit of 88574754?
4
What is the units digit of 64773129?
9
What is the tens digit of 974799383?
8
What is the hundred thousands digit of 566873748?
8
What is the thousands digit of 4239442426?
2
What is the hundred thousands digit of 339471120?
4
What is the hundred millions digit of 1092121973?
0
What is the billions digit of 4386822576?
4
What is the ten thousands digit of 1721541850?
4
What is the ten millions digit of 1287187028?
8
What is the thousands digit of 2295024909?
4
What is the thousands digit of 453573881?
3
What is the ten thousands digit of 1600270387?
7
What is the hundreds digit of 216022545?
5
What is the hundred millions digit of 3541684197?
5
What is the units digit of 45680083?
3
What is the tens digit of 3903199930?
3
What is the units digit of 29474431?
1
What is the millions digit of 1838564104?
8
What is the hundred millions digit of 422318951?
4
What is the hundred millions digit of 751376810?
7
What is the units digit of 8132774?
4
What is the hundred millions digit of 153047106?
1
What is the millions digit of 36087684?
6
What is the millions digit of 658859258?
8
What is the ten millions digit of 5739362849?
3
What is the tens digit of 38964404?
0
What is the tens digit of 193313773?
7
What is the ten millions digit of 895947102?
9
What is the hundred thousands digit of 97414398?
4
What is the hundred thousands digit of 821373974?
3
What is the hundreds digit of 29623804?
8
What is the tens digit of 1116792641?
4
What is the ten thousands digit of 60465091?
6
What is the ten thousands digit of 115462205?
6
What is the hundred thousands digit of 103520737?
5
What is the hundred millions digit of 875306239?
8
What is the hundred millions digit of 697056220?
6
What is the ten thousands digit of 96421991?
2
What is the thousands digit of 365445047?
5
What is the ten millions digit of 2000876580?
0
What is the tens digit of 1956672175?
7
What is the hundred millions digit of 176309095?
1
What is the thousands digit of 38965159?
5
What is the billions digit of 2485845720?
2
What is the thousands digit of 444373833?
3
What is the units digit of 297691105?
5
What is the tens digit of 132496529?
2
What is the millions digit of 5059611?
5
What is the thousands digit of 844294317?
4
What is the hundred thousands digit of 57880010?
8
What is the ten millions digit of 16554654?
1
What is the ten thousands digit of 359534974?
3
What is the millions digit of 212185542?
2
What is the hundreds digit of 309983849?
8
What is the tens digit of 294656647?
4
What is the hundred thousands digit of 9798471?
7
What is the hundred thousands digit of 315201982?
2
What is the hundred thousands digit of 1757925?
7
What is the tens digit of 176222822?
2
What is the millions digit of 1954645209?
4
What is the units digit of 287624277?
7
What is the hundred thousands digit of 32262444?
2
What is the ten thousands digit of 165074616?
7
What is the units digit of 76936663?
3
What is the thousands digit of 337009191?
9
What is the hundreds digit of 336132409?
4
What is the ten thousands digit of 1017727269?
2
What is the hundreds digit of 285492912?
9
What is the hundred thousands digit of 572866154?
8
What is the ten thousands digit of 86872474?
7
What is the hundreds digit of 49179522?
5
What is the tens digit of 23207088?
8
What is the tens digit of 166506257?
5
What is the ten millions digit of 194548336?
9
What is the hundred thousands digit of 206871819?
8
What is the ten millions digit of 11499959?
1
What is the hundred thousands digit of 299327556?
3
What is the hundred thousands digit of 309368343?
3
What is the hundreds digit of 44774246?
2
What is the millions digit of 26693963?
6
What is the hundred thousands digit of 6312748483?
7
What is the thousands digit of 198318679?
8
What is the millions digit of 94700920?
4
What is the thousands digit of 189691898?
1
What is the hundred thousands digit of 27706263?
7
What is the units digit of 2574263682?
2
What is the thousands digit of 521636052?
6
What is the thousands digit of 30163326?
3
What is the hundred thousands digit of 128874966?
8
What is the ten millions digit of 46424695?
4
What is the hundred thousands digit of 692573011?
5
What is the ten millions digit of 720440900?
2
What is the hundreds digit of 189102302?
3
What is the hundred thousands digit of 24947944?
9
What is the hundred millions digit of 462295589?
4
What is the tens digit of 19248291?
9
What is the thousands digit of 1015613315?
3
What is the ten thousands digit of 273427037?
2
What is the tens digit of 5236644104?
0
What is the thousands digit of 603929984?
9
What is the units digit of 783278728?
8
What is the ten thousands digit of 22852492?
5
What is the tens digit of 2000148812?
1
What is the thousands digit of 181344702?
4
What is the ten thousands digit of 18005263?
0
What is the tens digit of 3650168158?
5
What is the hundreds digit of 2019976975?
9
What is the hundred millions digit of 2915366418?
9
What is the ten millions digit of 64001899?
6
What is the hundreds digit of 258520976?
9
What is the hundreds digit of 84708641?
6
What is the millions digit of 3442591173?
2
What is the ten thousands digit of 46129881?
2
What is the ten thousands digit of 276133596?
3
What is the ten thousands digit of 3103522360?
2
What is the hundreds digit of 185503079?
0
What is the units digit of 5485936?
6
What is the thousands digit of 4228